{"id":27,"date":"2021-12-19T14:31:08","date_gmt":"2021-12-19T19:31:08","guid":{"rendered":"https:\/\/web.grearequipa.gob.pe\/?page_id=27"},"modified":"2022-05-23T11:39:21","modified_gmt":"2022-05-23T16:39:21","slug":"nosotros","status":"publish","type":"page","link":"https:\/\/web.grearequipa.gob.pe\/?page_id=27","title":{"rendered":"Nosotros"},"content":{"rendered":"\t\t<div data-elementor-type=\"wp-page\" data-elementor-id=\"27\" class=\"elementor elementor-27\" data-elementor-settings=\"[]\">\n\t\t\t\t\t\t\t<div class=\"elementor-section-wrap\">\n\t\t\t\t\t\t\t<section class=\"elementor-section elementor-top-section elementor-element elementor-element-73d453f elementor-section-boxed elementor-section-height-default elementor-section-height-default\" data-id=\"73d453f\" data-element_type=\"section\">\n\t\t\t\t\t\t<div class=\"elementor-container elementor-column-gap-default\">\n\t\t\t\t\t<div class=\"elementor-column elementor-col-100 elementor-top-column elementor-element elementor-element-c2d99bc\" data-id=\"c2d99bc\" data-element_type=\"column\">\n\t\t\t<div class=\"elementor-widget-wrap elementor-element-populated\">\n\t\t\t\t\t\t\t\t<div class=\"elementor-element elementor-element-eb5f46b elementor-widget elementor-widget-heading\" data-id=\"eb5f46b\" data-element_type=\"widget\" data-widget_type=\"heading.default\">\n\t\t\t\t<div class=\"elementor-widget-container\">\n\t\t\t<style>\/*! elementor - v3.5.4 - 23-01-2022 *\/\n.elementor-heading-title{padding:0;margin:0;line-height:1}.elementor-widget-heading .elementor-heading-title[class*=elementor-size-]>a{color:inherit;font-size:inherit;line-height:inherit}.elementor-widget-heading .elementor-heading-title.elementor-size-small{font-size:15px}.elementor-widget-heading .elementor-heading-title.elementor-size-medium{font-size:19px}.elementor-widget-heading .elementor-heading-title.elementor-size-large{font-size:29px}.elementor-widget-heading .elementor-heading-title.elementor-size-xl{font-size:39px}.elementor-widget-heading .elementor-heading-title.elementor-size-xxl{font-size:59px}<\/style><h2 class=\"elementor-heading-title elementor-size-default\">MISI\u00d3N Y VISI\u00d3N<\/h2>\t\t<\/div>\n\t\t\t\t<\/div>\n\t\t\t\t<div class=\"elementor-element elementor-element-1c6e586 elementor-widget elementor-widget-text-editor\" data-id=\"1c6e586\" data-element_type=\"widget\" data-widget_type=\"text-editor.default\">\n\t\t\t\t<div class=\"elementor-widget-container\">\n\t\t\t<style>\/*! elementor - v3.5.4 - 23-01-2022 *\/\n.elementor-widget-text-editor.elementor-drop-cap-view-stacked .elementor-drop-cap{background-color:#818a91;color:#fff}.elementor-widget-text-editor.elementor-drop-cap-view-framed .elementor-drop-cap{color:#818a91;border:3px solid;background-color:transparent}.elementor-widget-text-editor:not(.elementor-drop-cap-view-default) .elementor-drop-cap{margin-top:8px}.elementor-widget-text-editor:not(.elementor-drop-cap-view-default) .elementor-drop-cap-letter{width:1em;height:1em}.elementor-widget-text-editor .elementor-drop-cap{float:left;text-align:center;line-height:1;font-size:50px}.elementor-widget-text-editor .elementor-drop-cap-letter{display:inline-block}<\/style>\t\t\t\t<p>Conducir y promover el desarrollo sostenible de la poblaci\u00f3n de la Regi\u00f3n Arequipa, de manera inclusiva, integral y competitiva bajo un enfoque moderno, descentralizado,\u00a0 eficiente y concertado en la Gesti\u00f3n P\u00fablica.<\/p>\t\t\t\t\t\t<\/div>\n\t\t\t\t<\/div>\n\t\t\t\t\t<\/div>\n\t\t<\/div>\n\t\t\t\t\t\t\t<\/div>\n\t\t<\/section>\n\t\t\t\t<section class=\"elementor-section elementor-top-section elementor-element elementor-element-e230307 elementor-section-boxed elementor-section-height-default elementor-section-height-default\" data-id=\"e230307\" data-element_type=\"section\">\n\t\t\t\t\t\t<div class=\"elementor-container elementor-column-gap-default\">\n\t\t\t\t\t<div class=\"elementor-column elementor-col-100 elementor-top-column elementor-element elementor-element-fb4ca73\" data-id=\"fb4ca73\" data-element_type=\"column\">\n\t\t\t<div class=\"elementor-widget-wrap elementor-element-populated\">\n\t\t\t\t\t\t\t\t<div class=\"elementor-element elementor-element-d4e2db9 elementor-widget elementor-widget-heading\" data-id=\"d4e2db9\" data-element_type=\"widget\" data-widget_type=\"heading.default\">\n\t\t\t\t<div class=\"elementor-widget-container\">\n\t\t\t<h2 class=\"elementor-heading-title elementor-size-default\">DECLARACI\u00d3N DE POL\u00cdTICA INSTITUCIONAL<\/h2>\t\t<\/div>\n\t\t\t\t<\/div>\n\t\t\t\t<div class=\"elementor-element elementor-element-cf7749c elementor-widget elementor-widget-text-editor\" data-id=\"cf7749c\" data-element_type=\"widget\" data-widget_type=\"text-editor.default\">\n\t\t\t\t<div class=\"elementor-widget-container\">\n\t\t\t\t\t\t\t<p>Asistir a las Unidades de Gesti\u00f3n Educativa Local y a los Institutos de Educaci\u00f3n Superior dependientes de la Gerencia Regional de Educaci\u00f3n Arequipa en sus procesos de gesti\u00f3n administrativa y t\u00e9cnico pedag\u00f3gica para asegurar la educaci\u00f3n oportuna, sostenible y de calidad para toda la poblaci\u00f3n estudiantil; as\u00ed como la formaci\u00f3n de docentes con orientaci\u00f3n a la mejora continua, cuidando el medio ambiente, la seguridad y salud ocupacional.<\/p>\t\t\t\t\t\t<\/div>\n\t\t\t\t<\/div>\n\t\t\t\t\t<\/div>\n\t\t<\/div>\n\t\t\t\t\t\t\t<\/div>\n\t\t<\/section>\n\t\t\t\t<section class=\"elementor-section elementor-top-section elementor-element elementor-element-9ef45ee elementor-section-boxed elementor-section-height-default elementor-section-height-default\" data-id=\"9ef45ee\" data-element_type=\"section\">\n\t\t\t\t\t\t<div class=\"elementor-container elementor-column-gap-default\">\n\t\t\t\t\t<div class=\"elementor-column elementor-col-100 elementor-top-column elementor-element elementor-element-4c5e341\" data-id=\"4c5e341\" data-element_type=\"column\">\n\t\t\t<div class=\"elementor-widget-wrap elementor-element-populated\">\n\t\t\t\t\t\t\t\t<div class=\"elementor-element elementor-element-4c4614d elementor-widget elementor-widget-heading\" data-id=\"4c4614d\" data-element_type=\"widget\" data-widget_type=\"heading.default\">\n\t\t\t\t<div class=\"elementor-widget-container\">\n\t\t\t<h2 class=\"elementor-heading-title elementor-size-default\">OBJETIVOS<\/h2>\t\t<\/div>\n\t\t\t\t<\/div>\n\t\t\t\t<div class=\"elementor-element elementor-element-c84e772 elementor-widget elementor-widget-text-editor\" data-id=\"c84e772\" data-element_type=\"widget\" data-widget_type=\"text-editor.default\">\n\t\t\t\t<div class=\"elementor-widget-container\">\n\t\t\t\t\t\t\t<p><strong>OEI.04: MEJORAR LA CALIDAD EDUCATIVA DE ESTUDIANTES EN SUS DIFERENTES<\/strong>\u00a0<strong>NIVELES.<\/strong><br \/>a)AEI.04.01: FORMACI\u00d3N OPORTUNA Y DE CALIDAD A ESTUDIANTES QUE CURSAN EL II AL VII CICLO DE EDUCACI\u00d3N B\u00c1SICA REGULAR<br \/>b)AEI.04.02: ACCESO A LOS SERVICIOS EDUCATIVOS P\u00daBLICOS DE LA EDUCACI\u00d3N BASICA REGULAR SOSTENIBLE PARA LA POBLACI\u00d3N DE 3 A 16 A\u00d1OS<br \/>c)AEI.04.03: FORMACI\u00d3N INTEGRAL A NI\u00d1OS, NI\u00d1AS Y JOVENES CON DISCAPACIDAD EN LA EDUCACI\u00d3N B\u00c1SICA Y T\u00c9CNICO PRODUCTIVA<br \/>d)AEI.04.04: ATENCI\u00d3N OPORTUNA PARA LA PREVENCION DEL CONSUMO DE DROGAS EN LA POBLACI\u00d3N ESTUDIANTIL<br \/>e)AEI.04.05: FORMACI\u00d3N COMPLETA DE CARRERAS DOCENTES DE INSTITUTOS P\u00daBLICOS DE EDUCACI\u00d3N SUPERIOR<\/p><p><strong>OEI.06: FORTALECER LA GESTI\u00d3N INSTITUCIONAL.<\/strong><br \/>a)AEI.06.01: FORTALECER LA GESTION ADMINISTRATIVA INSTITUCIONAL<\/p><p><br \/><strong>OEI.07: PROMOVER LA GESTI\u00d3N DE RIESGO EN UN CONTEXTO DE CAMBIO PARA LA REGI\u00d3N AREQUIPA<\/strong><br \/>a)AEI.07.01: APOYO INTEGRAL PARA LA REDUCCI\u00d3N DE VULNERABILIDAD ANTE LA OCURRENCIA DE PELIGROS EN LA REGI\u00d3N<\/p>\t\t\t\t\t\t<\/div>\n\t\t\t\t<\/div>\n\t\t\t\t\t<\/div>\n\t\t<\/div>\n\t\t\t\t\t\t\t<\/div>\n\t\t<\/section>\n\t\t\t\t<section class=\"elementor-section elementor-top-section elementor-element elementor-element-cdf9d97 elementor-section-boxed elementor-section-height-default elementor-section-height-default\" data-id=\"cdf9d97\" data-element_type=\"section\" data-settings=\"{&quot;background_background&quot;:&quot;classic&quot;}\">\n\t\t\t\t\t\t<div class=\"elementor-container elementor-column-gap-default\">\n\t\t\t\t\t<div class=\"elementor-column elementor-col-100 elementor-top-column elementor-element elementor-element-561219d\" data-id=\"561219d\" data-element_type=\"column\">\n\t\t\t<div class=\"elementor-widget-wrap elementor-element-populated\">\n\t\t\t\t\t\t\t\t<div class=\"elementor-element elementor-element-e81c66e elementor-widget elementor-widget-heading\" data-id=\"e81c66e\" data-element_type=\"widget\" data-widget_type=\"heading.default\">\n\t\t\t\t<div class=\"elementor-widget-container\">\n\t\t\t<h2 class=\"elementor-heading-title elementor-size-default\">RESE\u00d1A HIST\u00d3RICA<\/h2>\t\t<\/div>\n\t\t\t\t<\/div>\n\t\t\t\t\t<\/div>\n\t\t<\/div>\n\t\t\t\t\t\t\t<\/div>\n\t\t<\/section>\n\t\t\t\t<section class=\"elementor-section elementor-top-section elementor-element elementor-element-ed768ea elementor-section-boxed elementor-section-height-default elementor-section-height-default\" data-id=\"ed768ea\" data-element_type=\"section\">\n\t\t\t\t\t\t<div class=\"elementor-container elementor-column-gap-default\">\n\t\t\t\t\t<div class=\"elementor-column elementor-col-100 elementor-top-column elementor-element elementor-element-e938cdd\" data-id=\"e938cdd\" data-element_type=\"column\">\n\t\t\t<div class=\"elementor-widget-wrap elementor-element-populated\">\n\t\t\t\t\t\t\t\t<div class=\"elementor-element elementor-element-a8e1fd2 elementor-widget elementor-widget-pdf_viewer\" data-id=\"a8e1fd2\" data-element_type=\"widget\" data-widget_type=\"pdf_viewer.default\">\n\t\t\t\t<div class=\"elementor-widget-container\">\n\t\t\t<iframe src=\"https:\/\/docs.google.com\/viewer?url=http:\/\/web.grearequipa.gob.pe\/wp-content\/uploads\/2021\/12\/BREVE-RESENA-DE-LA-GERENCIA-REGIONAL-DE-EDUCACION-DE-AREQUIPA-1.pdf&amp;embedded=true\" style=\"display: block; margin-left: auto; margin-right: auto; width: 640px; height: 1020px;\" frameborder=\"1\" marginheight=\"0px\" marginwidth=\"0px\" allowfullscreen><\/iframe>\t\t<\/div>\n\t\t\t\t<\/div>\n\t\t\t\t\t<\/div>\n\t\t<\/div>\n\t\t\t\t\t\t\t<\/div>\n\t\t<\/section>\n\t\t\t\t<section class=\"elementor-section elementor-top-section elementor-element elementor-element-c712117 elementor-section-boxed elementor-section-height-default elementor-section-height-default\" data-id=\"c712117\" data-element_type=\"section\">\n\t\t\t\t\t\t<div class=\"elementor-container elementor-column-gap-default\">\n\t\t\t\t\t<div class=\"elementor-column elementor-col-100 elementor-top-column elementor-element elementor-element-2dbf75e\" data-id=\"2dbf75e\" data-element_type=\"column\">\n\t\t\t<div class=\"elementor-widget-wrap elementor-element-populated\">\n\t\t\t\t\t\t\t\t<div class=\"elementor-element elementor-element-2324703 elementor-widget elementor-widget-pdfjs_viewer\" data-id=\"2324703\" data-element_type=\"widget\" data-widget_type=\"pdfjs_viewer.default\">\n\t\t\t\t<div class=\"elementor-widget-container\">\n\t\t\t<iframe src=\"https:\/\/web.grearequipa.gob.pe\/wp-content\/plugins\/pdf-viewer-for-elementor\/assets\/pdfjs\/web\/viewer.html?file=https:\/\/web.grearequipa.gob.pe\/wp-content\/plugins\/elementor\/assets\/images\/placeholder.png&amp;embedded=true\" style=\"display: block; margin-left: auto; margin-right: auto; width: 640px; height: 1020px;\" frameborder=\"1\" marginheight=\"0px\" marginwidth=\"0px\" allowfullscreen><\/iframe>\t\t<\/div>\n\t\t\t\t<\/div>\n\t\t\t\t\t<\/div>\n\t\t<\/div>\n\t\t\t\t\t\t\t<\/div>\n\t\t<\/section>\n\t\t\t\t\t\t<\/div>\n\t\t\t\t\t<\/div>\n\t\t","protected":false},"excerpt":{"rendered":"<p>MISI\u00d3N Y VISI\u00d3N Conducir y promover el desarrollo sostenible de la poblaci\u00f3n de la Regi\u00f3n Arequipa, de manera inclusiva, integral y competitiva bajo un enfoque moderno, descentralizado,\u00a0 eficiente y concertado en la Gesti\u00f3n P\u00fablica. DECLARACI\u00d3N DE POL\u00cdTICA INSTITUCIONAL Asistir a las Unidades de Gesti\u00f3n Educativa Local y a los Institutos de Educaci\u00f3n Superior dependientes de [&hellip;]<\/p>\n","protected":false},"author":1,"featured_media":0,"parent":0,"menu_order":0,"comment_status":"closed","ping_status":"closed","template":"","meta":{"footnotes":""},"class_list":["post-27","page","type-page","status-publish","hentry"],"_links":{"self":[{"href":"https:\/\/web.grearequipa.gob.pe\/index.php?rest_route=\/wp\/v2\/pages\/27","targetHints":{"allow":["GET"]}}],"collection":[{"href":"https:\/\/web.grearequipa.gob.pe\/index.php?rest_route=\/wp\/v2\/pages"}],"about":[{"href":"https:\/\/web.grearequipa.gob.pe\/index.php?rest_route=\/wp\/v2\/types\/page"}],"author":[{"embeddable":true,"href":"https:\/\/web.grearequipa.gob.pe\/index.php?rest_route=\/wp\/v2\/users\/1"}],"replies":[{"embeddable":true,"href":"https:\/\/web.grearequipa.gob.pe\/index.php?rest_route=%2Fwp%2Fv2%2Fcomments&post=27"}],"version-history":[{"count":37,"href":"https:\/\/web.grearequipa.gob.pe\/index.php?rest_route=\/wp\/v2\/pages\/27\/revisions"}],"predecessor-version":[{"id":1344,"href":"https:\/\/web.grearequipa.gob.pe\/index.php?rest_route=\/wp\/v2\/pages\/27\/revisions\/1344"}],"wp:attachment":[{"href":"https:\/\/web.grearequipa.gob.pe\/index.php?rest_route=%2Fwp%2Fv2%2Fmedia&parent=27"}],"curies":[{"name":"wp","href":"https:\/\/api.w.org\/{rel}","templated":true}]}}